{"id":177,"date":"2017-04-03T19:55:15","date_gmt":"2017-04-03T19:55:15","guid":{"rendered":"http:\/\/renovamaringa.com.br\/portal\/?page_id=177"},"modified":"2018-07-30T13:50:51","modified_gmt":"2018-07-30T16:50:51","slug":"reabilitacao-e-musculacao-para-idosos","status":"publish","type":"page","link":"https:\/\/renovamaringa.com.br\/portal\/reabilitacao-e-musculacao-para-idosos\/","title":{"rendered":"Muscula\u00e7\u00e3o Terap\u00eautica para Terceira Idade e Reabilita\u00e7\u00e3o de Patologias"},"content":{"rendered":"\t\t<div data-elementor-type=\"wp-page\" data-elementor-id=\"177\" class=\"elementor elementor-177 elementor-bc-flex-widget\" data-elementor-settings=\"[]\">\n\t\t\t<div class=\"elementor-inner\">\n\t\t\t\t<div class=\"elementor-section-wrap\">\n\t\t\t\t\t\t\t<section class=\"elementor-element elementor-element-5d127114 elementor-section-boxed elementor-section-height-default elementor-section-height-default elementor-section elementor-top-section\" data-id=\"5d127114\" data-element_type=\"section\">\n\t\t\t\t\t\t<div class=\"elementor-container elementor-column-gap-default\">\n\t\t\t\t<div class=\"elementor-row\">\n\t\t\t\t<div class=\"elementor-element elementor-element-488676b elementor-column elementor-col-100 elementor-top-column\" data-id=\"488676b\" data-element_type=\"column\">\n\t\t\t<div class=\"elementor-column-wrap  elementor-element-populated\">\n\t\t\t\t\t<div class=\"elementor-widget-wrap\">\n\t\t\t\t<div class=\"elementor-element elementor-element-320e60b elementor-align-center elementor-widget elementor-widget-button\" data-id=\"320e60b\" data-element_type=\"widget\" data-widget_type=\"button.default\">\n\t\t\t\t<div class=\"elementor-widget-container\">\n\t\t\t\t\t<div class=\"elementor-button-wrapper\">\n\t\t\t<a href=\"http:\/\/renovamaringa.com.br\/portal\/formulario-de-interesse\/\" class=\"elementor-button-link elementor-button elementor-size-lg\" role=\"button\">\n\t\t\t\t\t\t<span class=\"elementor-button-content-wrapper\">\n\t\t\t\t\t\t<span class=\"elementor-button-icon elementor-align-icon-left\">\n\t\t\t\t\t\t\t\t\t<i class=\"fa fa-arrow-right\" aria-hidden=\"true\"><\/i>\n\t\t\t\t\t\t\t<\/span>\n\t\t\t\t\t\t<span class=\"elementor-button-text\">Agende uma Aula Experimental<\/span>\n\t\t<\/span>\n\t\t\t\t\t<\/a>\n\t\t<\/div>\n\t\t\t\t<\/div>\n\t\t\t\t<\/div>\n\t\t\t\t<div class=\"elementor-element elementor-element-65904a9e elementor-widget elementor-widget-text-editor\" data-id=\"65904a9e\" data-element_type=\"widget\" data-widget_type=\"text-editor.default\">\n\t\t\t\t<div class=\"elementor-widget-container\">\n\t\t\t\t\t<div class=\"elementor-text-editor elementor-clearfix\"><h2 style=\"text-align: justify;\"><span style=\"color: #000000;\">Em um mundo cheio de\u00a0avan\u00e7os tecnol\u00f3gicos e cient\u00edficos, por que n\u00e3o oferecer um trabalho de preven\u00e7\u00e3o e reabilita\u00e7\u00e3o para idosos em uma ACADEMIA?<\/span><\/h2><h4 style=\"text-align: justify;\"><strong>Foi o\u00a0que pensamos ao colocar em pr\u00e1tica a muscula\u00e7\u00e3o para idosos em formato terap\u00eautico.<\/strong><\/h4><p style=\"text-align: justify;\">Na Cl\u00ednica Renova Muscula\u00e7\u00e3o Terap\u00eautica, o pessoal da terceira idade adquire<img loading=\"lazy\" decoding=\"async\" data-attachment-id=\"66\" data-permalink=\"https:\/\/renovamaringa.com.br\/portal\/musculacao-e-saude\/40-yas-ve-sonrasi-fit-olmak\/\" data-orig-file=\"https:\/\/i0.wp.com\/renovamaringa.com.br\/portal\/wp-content\/uploads\/2016\/04\/40-yas-ve-sonrasi-fit-olmak.jpg?fit=768%2C512&amp;ssl=1\" data-orig-size=\"768,512\" data-comments-opened=\"1\" data-image-meta=\"{&quot;aperture&quot;:&quot;0&quot;,&quot;credit&quot;:&quot;&quot;,&quot;camera&quot;:&quot;&quot;,&quot;caption&quot;:&quot;&quot;,&quot;created_timestamp&quot;:&quot;1302975921&quot;,&quot;copyright&quot;:&quot;&quot;,&quot;focal_length&quot;:&quot;0&quot;,&quot;iso&quot;:&quot;0&quot;,&quot;shutter_speed&quot;:&quot;0&quot;,&quot;title&quot;:&quot;&quot;,&quot;orientation&quot;:&quot;1&quot;}\" data-image-title=\"muscula\u00e7\u00e3o para idosos\" data-image-description=\"\" data-image-caption=\"\" data-medium-file=\"https:\/\/i0.wp.com\/renovamaringa.com.br\/portal\/wp-content\/uploads\/2016\/04\/40-yas-ve-sonrasi-fit-olmak.jpg?fit=300%2C200&amp;ssl=1\" data-large-file=\"https:\/\/i0.wp.com\/renovamaringa.com.br\/portal\/wp-content\/uploads\/2016\/04\/40-yas-ve-sonrasi-fit-olmak.jpg?fit=604%2C403&amp;ssl=1\" data-recalc-dims=\"1\" class=\"alignright wp-image-66 size-medium\" src=\"https:\/\/i0.wp.com\/renovamaringa.com.br\/portal\/wp-content\/uploads\/2016\/04\/40-yas-ve-sonrasi-fit-olmak-300x200.jpg?resize=300%2C200\" alt=\"\" width=\"300\" height=\"200\" srcset=\"https:\/\/i0.wp.com\/renovamaringa.com.br\/portal\/wp-content\/uploads\/2016\/04\/40-yas-ve-sonrasi-fit-olmak.jpg?resize=300%2C200&amp;ssl=1 300w, https:\/\/i0.wp.com\/renovamaringa.com.br\/portal\/wp-content\/uploads\/2016\/04\/40-yas-ve-sonrasi-fit-olmak.jpg?w=768&amp;ssl=1 768w\" sizes=\"auto, (max-width: 300px) 100vw, 300px\" \/> qualidade de vida com a pr\u00e1tica de exerc\u00edcios; e conta com excelentes profissionais\u00a0especializados na\u00a0muscula\u00e7\u00e3o para idosos.<\/p><p style=\"text-align: justify;\">Nossas instala\u00e7\u00f5es contam com\u00a0aparelhos adaptados para a pr\u00e1tica dos exerc\u00edcios pelos pacientes da terceira idade.<\/p><p style=\"text-align: justify;\">Dessa forma, conseguimos trabalhar desde a preven\u00e7\u00e3o at\u00e9 a reabilita\u00e7\u00e3o de patologias com maior qualidade e efici\u00eancia, para garantir a melhora na sa\u00fade dos idosos.<\/p><h4 style=\"text-align: justify;\">Ent\u00e3o, SIM! Voc\u00ea da melhor idade pode fazer muscula\u00e7\u00e3o.<\/h4><p style=\"text-align: justify;\">Proporcionamos um atendimento individual e personalizado aos nossos pacientes.<\/p><p style=\"text-align: justify;\">Com isso, voc\u00ea recebe o acompanhamento de um profissional durante toda a aula, ou seja, do in\u00edcio ao fim dela.<\/p><p style=\"text-align: justify;\">Auxiliando o aluno sempre que necess\u00e1rio, para a realiza\u00e7\u00e3o correta do movimento, evitamos que ele tenha poss\u00edveis les\u00f5es e alcance melhor os seus objetivos.<\/p><p style=\"text-align: justify;\">Marque j\u00e1 a sua avalia\u00e7\u00e3o, <a href=\"http:\/\/renovamaringa.com.br\/portal\/formulario-de-interesse\/\">entre em contato<\/a> conosco.<\/p><p style=\"text-align: justify;\">\u00a0<\/p><\/div>\n\t\t\t\t<\/div>\n\t\t\t\t<\/div>\n\t\t\t\t<div class=\"elementor-element elementor-element-f52f572 elementor-align-center elementor-widget elementor-widget-button\" data-id=\"f52f572\" data-element_type=\"widget\" data-widget_type=\"button.default\">\n\t\t\t\t<div class=\"elementor-widget-container\">\n\t\t\t\t\t<div class=\"elementor-button-wrapper\">\n\t\t\t<a href=\"http:\/\/renovamaringa.com.br\/portal\/formulario-de-interesse\/\" class=\"elementor-button-link elementor-button elementor-size-lg\" role=\"button\">\n\t\t\t\t\t\t<span class=\"elementor-button-content-wrapper\">\n\t\t\t\t\t\t<span class=\"elementor-button-icon elementor-align-icon-left\">\n\t\t\t\t\t\t\t\t\t<i class=\"fa fa-arrow-right\" aria-hidden=\"true\"><\/i>\n\t\t\t\t\t\t\t<\/span>\n\t\t\t\t\t\t<span class=\"elementor-button-text\">Agende uma Aula Experimental<\/span>\n\t\t<\/span>\n\t\t\t\t\t<\/a>\n\t\t<\/div>\n\t\t\t\t<\/div>\n\t\t\t\t<\/div>\n\t\t\t\t\t\t<\/div>\n\t\t\t<\/div>\n\t\t<\/div>\n\t\t\t\t\t\t<\/div>\n\t\t\t<\/div>\n\t\t<\/section>\n\t\t\t\t\t\t<\/div>\n\t\t\t<\/div>\n\t\t<\/div>\n\t\t","protected":false},"excerpt":{"rendered":"<p>Agende uma Aula Experimental Em um mundo cheio de\u00a0avan\u00e7os tecnol\u00f3gicos e cient\u00edficos, por que n\u00e3o oferecer um trabalho de preven\u00e7\u00e3o e reabilita\u00e7\u00e3o para idosos em uma ACADEMIA? Foi o\u00a0que pensamos ao colocar<a class=\"moretag\" href=\"https:\/\/renovamaringa.com.br\/portal\/reabilitacao-e-musculacao-para-idosos\/\">Read More&#8230;<\/a><\/p>\n","protected":false},"author":1,"featured_media":12,"parent":0,"menu_order":0,"comment_status":"closed","ping_status":"closed","template":"","meta":{"jetpack_post_was_ever_published":false,"footnotes":""},"class_list":["post-177","page","type-page","status-publish","has-post-thumbnail","hentry"],"jetpack_sharing_enabled":true,"jetpack_shortlink":"https:\/\/wp.me\/P8NC8B-2R","jetpack-related-posts":[],"jetpack_likes_enabled":true,"_links":{"self":[{"href":"https:\/\/renovamaringa.com.br\/portal\/wp-json\/wp\/v2\/pages\/177","targetHints":{"allow":["GET"]}}],"collection":[{"href":"https:\/\/renovamaringa.com.br\/portal\/wp-json\/wp\/v2\/pages"}],"about":[{"href":"https:\/\/renovamaringa.com.br\/portal\/wp-json\/wp\/v2\/types\/page"}],"author":[{"embeddable":true,"href":"https:\/\/renovamaringa.com.br\/portal\/wp-json\/wp\/v2\/users\/1"}],"replies":[{"embeddable":true,"href":"https:\/\/renovamaringa.com.br\/portal\/wp-json\/wp\/v2\/comments?post=177"}],"version-history":[{"count":10,"href":"https:\/\/renovamaringa.com.br\/portal\/wp-json\/wp\/v2\/pages\/177\/revisions"}],"predecessor-version":[{"id":518,"href":"https:\/\/renovamaringa.com.br\/portal\/wp-json\/wp\/v2\/pages\/177\/revisions\/518"}],"wp:featuredmedia":[{"embeddable":true,"href":"https:\/\/renovamaringa.com.br\/portal\/wp-json\/wp\/v2\/media\/12"}],"wp:attachment":[{"href":"https:\/\/renovamaringa.com.br\/portal\/wp-json\/wp\/v2\/media?parent=177"}],"curies":[{"name":"wp","href":"https:\/\/api.w.org\/{rel}","templated":true}]}}